nd 140?
28
Calculate the highest common divisor of 940 and 89770.
470
What is the greatest common divisor of 5978 and 196?
98
Calculate the greatest common divisor of 13635 and 120.
15
Calculate the greatest common factor of 1061877 and 478.
239
Calculate the highest common factor of 12994 and 584.
146
Calculate the highest common divisor of 2727889 and 1641.
547
What is the highest common divisor of 256138 and 498?
166
What is the highest common divisor of 10696 and 52?
4
What is the highest common factor of 26352 and 15128?
488
Calculate the greatest common factor of 390218 and 17.
17
What is the highest common factor of 107271 and 1914?
87
What is the highest common factor of 1278420 and 429?
429
Calculate the highest common divisor of 582675 and 225.
75
What is the highest common divisor of 13202 and 156989?
287
Calculate the greatest common factor of 3645 and 195.
15
What is the greatest common divisor of 2329 and 21?
1
Calculate the highest common factor of 39137 and 301.
7
What is the highest common divisor of 47 and 69748?
47
Calculate the highest common divisor of 503787 and 2149.
307
What is the greatest common factor of 25 and 93065?
5
What is the highest common factor of 702 and 4509?
27
Calculate the highest common factor of 6647051 and 34.
17
What is the greatest common factor of 70409 and 389?
389
What is the greatest common divisor of 4674 and 1824?
114
Calculate the greatest common divisor of 2268 and 46458.
18
What is the highest common divisor of 37179 and 20349?
153
Calculate the highest common divisor of 53 and 31535.
53
Calculate the highest common factor of 88 and 3278.
22
Calculate the greatest common divisor of 1152 and 48672.
288
What is the greatest common divisor of 173 and 4056331?
173
Calculate the highest common factor of 29800 and 4820.
20
What is the highest common factor of 114 and 65360?
38
What is the highest common divisor of 99 and 1036959?
33
What is the greatest common divisor of 164266 and 736?
46
What is the greatest common divisor of 143 and 537472?
13
Calculate the highest common factor of 410 and 3840.
10
Calculate the highest common factor of 4 and 769036.
4
What is the highest common divisor of 17649 and 45?
9
What is the greatest common divisor of 642 and 918?
6
Calculate the greatest common divisor of 95 and 26117210.
95
What is the highest common divisor of 247 and 248313?
13
What is the highest common divisor of 536 and 64016?
8
What is the highest common divisor of 45794 and 2884?
14
What is the highest common divisor of 35004 and 12?
12
Calculate the greatest common divisor of 4 and 539894.
2
What is the greatest common factor of 14452614 and 18?
18
Calculate the greatest common factor of 2613 and 169.
13
What is the highest common factor of 20812 and 123904?
484
Calculate the highest common divisor of 112 and 10720.
16
What is the highest common divisor of 224 and 216?
8
Calculate the greatest common factor of 4038 and 28.
2
What is the highest common factor of 450 and 9927?
9
Calculate the highest common factor of 60229 and 1599.
533
What is the highest common factor of 1896 and 1561119?
237
Calculate the highest common factor of 289221 and 428.
107
What is the greatest common factor of 215 and 1354285?
215
Calculate the highest common factor of 2886 and 414.
6
Calculate the greatest common divisor of 23947 and 1155.
77
Calculate the greatest common divisor of 76 and 241718.
38
What is the highest common divisor of 24186 and 1044?
174
What is the highest common divisor of 3864 and 4071?
69
What is the highest common divisor of 196198 and 5786?
526
Calculate the highest common divisor of 3720 and 784610.
310
What is the highest common factor of 435 and 24447?
87
What is the highest common divisor of 4225 and 100?
25
What is the greatest common divisor of 29235 and 2985?
15
What is the greatest common factor of 55084 and 12?
4
What is the highest common divisor of 888 and 20904?
24
What is the greatest common divisor of 1 and 59571?
1
What is the greatest common factor of 3850 and 176?
22
Calculate the highest common divisor of 1586 and 18434.
26
Calculate the highest common factor of 9 and 54237.
3
Calculate the highest common factor of 19921 and 121.
11
What is the greatest common divisor of 7 and 234178?
7
What is the greatest common divisor of 13 and 9451?
13
What is the greatest common factor of 26090 and 1100?
10
What is the greatest common factor of 63 and 154?
7
Calculate the greatest common factor of 60 and 8480.
20
What is the highest common factor of 13670 and 90?
10
What is the highest common factor of 46779 and 837?
93
Calculate the highest common factor of 1550 and 19530.
310
Calculate the highest common divisor of 22071 and 147.
21
Calculate the greatest common factor of 494800 and 300.
100
What is the highest common divisor of 410 and 2020?
10
What is the highest common factor of 4 and 43052?
4
What is the greatest common factor of 134825 and 2150?
25
Calculate the highest common divisor of 60 and 36438.
6
What is the greatest common divisor of 472 and 101362?
118
Calculate the highest common divisor of 60 and 244020.
60
What is the greatest common divisor of 221 and 200863?
13
Calculate the highest common divisor of 41955 and 240.
15
What is the highest common divisor of 116905 and 12772?
103
What is the greatest common divisor of 29224 and 130?
26
Calculate the highest common factor of 4664 and 8692.
212
What is the highest common divisor of 70 and 50155?
35
Calculate the highest common factor of 2640 and 16038.
66
What is the greatest common divisor of 126677 and 131?
131
Calculate the greatest common divisor of 143 and 772954.
13
Calculate the greatest common divisor of 59 and 869837.
59
Calculate the greatest common factor of 2245776 and 39.
39
Calculate the highest common divisor of 7705 and 268.
67
Calculate the greatest common factor of 395 and 40.
5
What is the greatest common factor of 28924 and 8?
4
What is the highest common divisor of 18685 and 296?
37
What is the greatest common factor of 253902 and 1056?
66
What is the greatest common factor of 410545 and 235?
235
Calculate the greatest common factor of 207007 and 137.
137
Calculate the greatest common factor of 112336 and 2744.
56
Calculate the highest common divisor of 228 and 95646.
114
Calculate the greatest common factor of 4263 and 1251495.
609
What is the highest common divisor of 144 and 72528?
48
Calculate the highest common factor of 313959 and 19923.
687
What is the highest common factor of 2382 and 2?
2
Calculate the highest common factor of 176810 and 70.
10
Calculate the greatest common divisor of 23152 and 80.
16
Calculate the highest common factor of 3 and 6895.
1
Calculate the highest common divisor of 1830 and 2233820.
610
Calculate the greatest common factor of 2010 and 49848.
402
Calculate the greatest common factor of 34614 and 216.
54
Calculate the greatest common divisor of 3597 and 3161.
109
Calculate the greatest common factor of 135320 and 1224.
136
Calculate the greatest common factor of 848 and 496.
16
What is the greatest common factor of 4615 and 715?
65
What is the highest common factor of 414 and 6049?
23
Calculate the greatest common factor of 3136 and 41622.
14
What is the highest common factor of 55 and 26411?
11
What is the highest common factor of 4928 and 308?
308
Calculate the highest common factor of 24 and 351784.
8
What is the greatest common factor of 3117610 and 2130?
710
Calculate the highest common factor of 324 and 37746.
162
Calculate the highest common factor of 855 and 7065.
45
What is the highest common divisor of 30229 and 111?
37
Calculate the greatest common factor of 5684 and 40484.
116
Calculate the greatest common divisor of 976 and 427.
61
Calculate the greatest common factor of 90688 and 1536.
64
What is the greatest common divisor of 27168 and 14999?
283
Calculate the highest common factor of 55167 and 13468.
259
Calculate the highest common divisor of 975 and 39.
39
What is the highest common divisor of 59416 and 7336?
56
What is the greatest common divisor of 11980 and 25?
5
Calculate the highest common divisor of 1897 and 12418.
7
What is the highest common divisor of 402705 and 270?
135
What is the greatest common divisor of 40 and 794980?
20
